greatest common divisor of r and 7.
7
Let t = -86 + 205. What is the highest common factor of t and 17?
17
Suppose -5*j = -4*i - 103, 2*j - 27 - 7 = -2*i. Suppose -5*r = -f - 189, 2*f = -3*r + f + 115. What is the highest common factor of r and j?
19
Let c be -1*3 + (82 - 6). Suppose 4*i + 13 = c. Calculate the highest common divisor of 135 and i.
15
Suppose 5*c + 2*i = 10, 3*c = 3*i + 3 + 3. Let z be (4 - 2)/c - -1. What is the highest common divisor of 10 and z?
2
Suppose 0 = 2*z + t - 0*t + 89, -2*t = 3*z + 136. Let i = z + 82. What is the greatest common divisor of 5 and i?
5
Let n = 5 - 1. Suppose 0 = a + t - 0 - 6, -a - n*t + 15 = 0. Let k be (2/3)/(2/18). What is the greatest common factor of k and a?
3
Let o = 0 + 21. Calculate the greatest common divisor of 3 and o.
3
Let u(h) = h**2 + h + 7. Let g be u(0). Suppose -43 = -2*v - 3*m, 0 = 5*v - 3*m + 5*m - 80. What is the highest common divisor of v and g?
7
Let o = 173 + -81. Calculate the greatest common factor of 69 and o.
23
Let y be (-10)/(1/(-13 - 5)). Let b be 16*4/((-32)/(-10)). Calculate the highest common divisor of b and y.
20
Let i be (29/(-3))/(1/(-3)). Suppose z - 39 = i. Suppose -3*b = -8*b + 85. What is the greatest common divisor of b and z?
17
Let n = 13 - 9. Suppose -19 = -q - 6. Suppose -27 - q = -5*f. What is the greatest common divisor of f and n?
4
Let j be (2/(-1) + -12)*2. Let w = 5 - j. Let m be (4/10)/((-1)/(-55)). Calculate the greatest common divisor of w and m.
11
Let n be (-6)/(1/(-1)*-1). Let o(a) = a**2 + 6*a + 5. Let z be o(n). Let s = 6 + z. What is the greatest common divisor of s and 1?
1
Let c = 57 - -33. Let v = -44 - -80. Calculate the highest common divisor of v and c.
18
Suppose -q = -0*q - 39. Let n = 89 - q. Calculate the highest common factor of 25 and n.
25
Let d be (-32 + -12)/(-3 + 1). Let i = d - 15. Calculate the highest common factor of 1 and i.
1
Suppose -4*i + 3*h + 2*h = -104, -5*i - 2*h = -97. Let t = 61 - 43. Let k be -2 + (-1)/((-2)/t). What is the highest common factor of i and k?
7
Let j be 8/40 + 432/(-10). Let o = 69 + j. Suppose -i - i = -o. What is the greatest common factor of i and 65?
13
Suppose 5*s = -5*y + 155, -s = 2*y - 18 - 48. What is the highest common divisor of y and 5?
5
Let z = -3 + 15. Suppose -z = -3*x + 3. Let m = 84 + -49. What is the highest common divisor of m and x?
5
Suppose 0 = b - 2. Let f be (b/4)/(3/12). Suppose 0 = f*a - 42 - 198. What is the highest common divisor of 15 and a?
15
Suppose 0*q - 3*q = -9. Suppose -8*l + q*l = -15. Let r(z) = 12*z**2. Let j be r(-1). Calculate the greatest common factor of j and l.
3
Let k(d) = 9*d + 2. Let x(l) = l**2 - 1. Let h be x(1). Let w(q) = -q**2 - q + 2. Let i be w(h). Let s be k(i). What is the highest common divisor of s and 4?
4
Let b = -41 - -66. Let l(k) = -11*k - 31. Let f be l(-21). What is the highest common factor of b and f?
25
Let a = 6 + -4. Suppose x + f + 2 = 0, a*x - 3*f + 6 - 27 = 0. Suppose -v - 2*v + 186 = x*h, -2*h - 6 = 0. What is the greatest common factor of v and 26?
13
Let z = -33 - -89. Let k = 1 - -1. Suppose 0 = -4*y - 2*r - 0*r + 18, -k*y - 3*r = 1. Calculate the highest common factor of y and z.
7
Suppose 0 = i + 2*a - 10, -5*a - 62 = -3*i + 12. Calculate the highest common factor of 18 and i.
18
Suppose 4*l - 6*f - 411 = -f, -f = -3*l + 311. Let y = 30 + -17. Calculate the highest common factor of y and l.
13
Let d be -2 + (-27)/(-6) + 2/4. Calculate the greatest common factor of 1 and d.
1
Let l be ((-6)/(-4))/((-8)/(-16)). Suppose 2*z - l*z = 0. Suppose 3*v - 134 + 38 = z. Calculate the greatest common divisor of v and 48.
16
Suppose -3*w = -5*w + 40. Let c(j) = j**2 + j + 4. Let q be c(0). Calculate the greatest common factor of q and w.
4
Let t = 3 - -2. Suppose 2*z - 12 = -t*b, -b - 4*b - 5*z = 0. Let m(g) = 6*g**3 - 2*g**2 + 3*g - 2. Let q be m(2). What is the highest common divisor of q and b?
4
Let r(x) = -x**2 + 8*x - 5. Let p be r(7). Let y be (1 + -2)*5/(-1). Suppose 0*k - 15 = -y*k. What is the greatest common factor of k and p?
1
Let s(z) = -z - 4. Suppose -5*u + 5*v - 20 = -3*u, 2*u + 12 = v. Let g be s(u). Let a be 1/(g/24) + -3. Calculate the highest common factor of a and 84.
21
Suppose -3*s + 21 = 2*t - 12, 5 = s. Let l(r) = 11*r. Let g be l(9). What is the greatest common divisor of t and g?
9
Let u = -41 + 45. Suppose j - 26 = -2*t, -32 + 1 = -j - 3*t. What is the greatest common divisor of j and u?
4
Suppose -3*v - 2*v = 0. Suppose 4*b + 4*c - 44 = 0, v = 2*c + 2*c + 12. What is the greatest common divisor of 14 and b?
14
Let p = -24 + 25. What is the highest common factor of p and 4?
1
Let q(g) = 2*g - 3. Let w be q(6). Let m(n) = -n**3 - 9*n**2 - 27*n. Let u be m(-3). What is the greatest common factor of u and w?
9
Let l be 4 + (6/(-18))/(2/(-24)). What is the greatest common divisor of l and 88?
8
Suppose -18 = -6*m + 5*m. Calculate the highest common divisor of m and 27.
9
Suppose 8*n = n + 7. What is the highest common factor of 2 and n?
1
Let q(b) = -b - 5. Let y be q(-14). Calculate the highest common factor of 1 and y.
1
Let q be 4/1*(1 - -3). Let k(j) = 15*j**2 + 1. Suppose 3*z = 1 + 2. Let i be k(z). What is the highest common divisor of i and q?
16
Let c(b) = 7*b**2 - b + 2. Let j be c(4). Let t = 60 - 9. Let p be 9/6 + t/6. What is the greatest common factor of j and p?
10
Let v(f) = -f**3 - 5*f**2 - 10*f - 6. Let l be v(-6). Suppose 0 = 4*r - 30 - 10. What is the highest common divisor of r and l?
10
Let g be (-604)/8 + (-2)/(-4). Let i = 123 + g. What is the highest common factor of 6 and i?
6
Let h(g) = -2*g + 1. Suppose 5*y = -t + 16, 2*t + 32 = -2*t + 4*y. Let c be h(t). What is the greatest common factor of c and 9?
9
Let p(r) = r**2 - 7*r + 5. Let g(n) = 3*n - 6. Let y be g(4). Let a be p(y). Let m be -1 + -1 + (a - -4). Calculate the highest common factor of 10 and m.
1
Let o(j) = -j**3 - 6*j**2 + 7*j + 3. Let u be o(-7). Suppose u*x + 5*q = 4*x - 7, -3*x - 2*q = -38. What is the greatest common divisor of x and 108?
12
Let m(c) = -4*c + 2. Let f be m(-3). Let s be 4/f - 486/(-14). Suppose s + 30 = 5*z. Calculate the highest common factor of 39 and z.
13
Suppose 45 = 5*w - 10*w. Let q be 10/1 - w/(-3). Calculate the highest common factor of 35 and q.
7
Let b be 5*(-4)/4 - -33. Let v(w) = -5*w - 1. Let c be v(-1). Calculate the highest common factor of c and b.
4
Let n = 5 + -5. Suppose 0*q + 4*q - 80 = n. Suppose 120 = c + 20. Calculate the greatest common divisor of q and c.
20
Let m be (1 + -3)/(-2) - -5. Let r be (-170)/5*(-27)/m. What is the greatest common divisor of 17 and r?
17
Let c be 7444/52 + (-2)/13. Let f = c - 98. Let s be (0 - -6)*(2 - -1). What is the highest common divisor of s and f?
9
Suppose 3*y = -1 + 4. Suppose -3*v + 3 = 2*j - 2, 0 = v + 3. What is the highest common divisor of j and y?
1
Suppose -3*p + 117 = 2*z, 3*z - p - 128 = 4*p. Calculate the greatest common divisor of z and 34.
17
Let n be (-1)/(15/10)*-126. What is the greatest common divisor of 14 and n?
14
Let a = 1841 + -3505. Let t be a/(-56) + (-2)/(-7). What is the greatest common divisor of 15 and t?
15
Let p = 0 - -7. Suppose 4*x - 3*x = p. Suppose -x*h = -2*h - 105. Calculate the greatest common divisor of h and 7.
7
Suppose 4*b = -4*g + 4, -b + 4*g + 20 = b. Let j = b + 0. Suppose 3*f + 2*y - 5 = 17, j*f - 20 = -5*y. What is the highest common divisor of f and 90?
10
Suppose 0 = -4*a + 16 + 40. Suppose 2*s + 3*s = 280. What is the greatest common divisor of a and s?
14
Let u(y) = y**2 + 3*y - 1. Let t be u(-4). Suppose t*d - 4 = 5. Suppose -h - 37 = -d*s - 3*h, 5*s = -3*h + 61. Calculate the highest common factor of 99 and s.
11
Suppose 2*z + n = 29 + 35, 0 = -3*n + 12. Calculate the highest common divisor of 15 and z.
15
Suppose 2*x - i = -3*x + 3, 3*x + 5*i = -15. Suppose -3*o - 2*f = -x*o - 68, 0 = -o + 5*f. Calculate the highest common factor of 50 and o.
10
Let i(s) be the second derivative of -19*s**3/6 - 5*s**2 - 3*s. Let u be i(-4). What is the highest common divisor of 99 and u?
33
Suppose -10 = -4*j - 4*i + 22, -3*i = 5*j - 44. Calculate the greatest common factor of j and 70.
10
Suppose 10*c + 800 = 35*c. What is the highest common factor of c and 320?
32
Suppose -2*n + 284 = 2*y,